{"id":68,"date":"2023-05-16T15:34:00","date_gmt":"2023-05-16T13:34:00","guid":{"rendered":"https:\/\/arpaviy.cluster027.hosting.ovh.net\/?page_id=68"},"modified":"2026-03-30T10:21:11","modified_gmt":"2026-03-30T08:21:11","slug":"activite","status":"publish","type":"page","link":"https:\/\/www.arpavignon.fr\/?page_id=68","title":{"rendered":"Activit\u00e9s"},"content":{"rendered":"\n<p class=\"has-text-align-center\" style=\"font-size:37px\"><mark style=\"background-color:rgba(0, 0, 0, 0)\" class=\"has-inline-color has-vivid-red-color\">Randonn\u00e9es de Plusieurs Jours<\/mark><\/p>\n\n\n\n<p><strong>HAUTE MAURIENNE du 24 au 31 janvier 2026.<\/strong><\/p>\n\n\n\n<p>H\u00e9bergement au centre MILEADE de Lans le Villard.<\/p>\n\n\n\n<p><strong>VANOISE du 28 juin au 5 juillet 2026.<\/strong><\/p>\n\n\n\n<p>H\u00e9bergement centre MILEADE \u00e0 Pralognan-la-Vanoise.<\/p>\n\n\n\n<p><strong>ITALIE<\/strong>, <strong>les POUILLES SUD du 18 au 25 mai 2026<\/strong><\/p>\n\n\n\n<p>Avec SUD EVASION<\/p>\n\n\n\n<p><strong>BOURGOGNE<\/strong> <strong>du 13 au 20JUIN 2026<\/strong><\/p>\n\n\n\n<p>H\u00e9bergement centre V.V.F. de Semur-en-Auxois<\/p>\n\n\n\n\n\n<p><\/p>\n\n\n\n<div data-wp-interactive=\"core\/file\" class=\"wp-block-file\"><object data-wp-bind--hidden=\"!state.hasPdfPreview\" hidden class=\"wp-block-file__embed\" data=\"https:\/\/www.arpavignon.fr\/wp-content\/uploads\/2026\/03\/Avril-2026-circulaire.pdf\" type=\"application\/pdf\" style=\"width:100%;height:600px\" aria-label=\"Contenu embarqu\u00e9 Avril  2026 circulaire.\"><\/object><a id=\"wp-block-file--media-05e15d19-06c8-41b3-8cd7-136279b06c00\" href=\"https:\/\/www.arpavignon.fr\/wp-content\/uploads\/2026\/03\/Avril-2026-circulaire.pdf\">Avril  2026 circulaire<\/a><a href=\"https:\/\/www.arpavignon.fr\/wp-content\/uploads\/2026\/03\/Avril-2026-circulaire.pdf\" class=\"wp-block-file__button wp-element-button\" download aria-describedby=\"wp-block-file--media-05e15d19-06c8-41b3-8cd7-136279b06c00\">T\u00e9l\u00e9charger<\/a><\/div>\n\n\n\n<div data-wp-interactive=\"core\/file\" class=\"wp-block-file\"><object data-wp-bind--hidden=\"!state.hasPdfPreview\" hidden class=\"wp-block-file__embed\" data=\"https:\/\/www.arpavignon.fr\/wp-content\/uploads\/2026\/03\/wAvril-2026.pdf\" type=\"application\/pdf\" style=\"width:100%;height:600px\" aria-label=\"Contenu embarqu\u00e9 wAvril  2026.\"><\/object><a id=\"wp-block-file--media-b4d7a5e6-7b33-48a5-aaf4-1c19e1ca4777\" href=\"https:\/\/www.arpavignon.fr\/wp-content\/uploads\/2026\/03\/wAvril-2026.pdf\">wAvril  2026<\/a><a href=\"https:\/\/www.arpavignon.fr\/wp-content\/uploads\/2026\/03\/wAvril-2026.pdf\" class=\"wp-block-file__button wp-element-button\" download aria-describedby=\"wp-block-file--media-b4d7a5e6-7b33-48a5-aaf4-1c19e1ca4777\">T\u00e9l\u00e9charger<\/a><\/div>\n","protected":false},"excerpt":{"rendered":"<p>Randonn\u00e9es de Plusieurs Jours HAUTE MAURIENNE du 24 au 31 janvier 2026. H\u00e9bergement au centre MILEADE de Lans le Villard. VANOISE du 28 juin au 5 juillet 2026. H\u00e9bergement centre MILEADE \u00e0 Pralognan-la-Vanoise. ITALIE, les POUILLES SUD du 18 au 25 mai 2026 Avec SUD EVASION BOURGOGNE du 13 au 20JUIN 2026 H\u00e9bergement centre V.V.F. [&hellip;]<\/p>\n","protected":false},"author":1,"featured_media":0,"parent":0,"menu_order":0,"comment_status":"closed","ping_status":"closed","template":"","meta":{"footnotes":""},"class_list":["post-68","page","type-page","status-publish","hentry"],"_links":{"self":[{"href":"https:\/\/www.arpavignon.fr\/index.php?rest_route=\/wp\/v2\/pages\/68","targetHints":{"allow":["GET"]}}],"collection":[{"href":"https:\/\/www.arpavignon.fr\/index.php?rest_route=\/wp\/v2\/pages"}],"about":[{"href":"https:\/\/www.arpavignon.fr\/index.php?rest_route=\/wp\/v2\/types\/page"}],"author":[{"embeddable":true,"href":"https:\/\/www.arpavignon.fr\/index.php?rest_route=\/wp\/v2\/users\/1"}],"replies":[{"embeddable":true,"href":"https:\/\/www.arpavignon.fr\/index.php?rest_route=%2Fwp%2Fv2%2Fcomments&post=68"}],"version-history":[{"count":75,"href":"https:\/\/www.arpavignon.fr\/index.php?rest_route=\/wp\/v2\/pages\/68\/revisions"}],"predecessor-version":[{"id":700,"href":"https:\/\/www.arpavignon.fr\/index.php?rest_route=\/wp\/v2\/pages\/68\/revisions\/700"}],"wp:attachment":[{"href":"https:\/\/www.arpavignon.fr\/index.php?rest_route=%2Fwp%2Fv2%2Fmedia&parent=68"}],"curies":[{"name":"wp","href":"https:\/\/api.w.org\/{rel}","templated":true}]}}